{"id":578,"date":"2018-03-17T17:43:40","date_gmt":"2018-03-17T17:43:40","guid":{"rendered":"http:\/\/www.ilike-it.de\/?page_id=578"},"modified":"2018-03-18T18:00:37","modified_gmt":"2018-03-18T17:00:37","slug":"toni-tomato","status":"publish","type":"page","link":"http:\/\/www.ilike-it.de\/?page_id=578","title":{"rendered":"Toni Tomato"},"content":{"rendered":"<div id=\"pl-578\"  class=\"panel-layout\" ><div id=\"pg-578-0\"  class=\"panel-grid panel-has-style\" ><div style=\"padding: 100px 0; \" data-overlay=\"true\" data-overlay-color=\"#000000\" class=\"panel-row-style panel-row-style-for-578-0\" ><div id=\"pgc-578-0-0\"  class=\"panel-grid-cell\" ><div id=\"panel-578-0-0-0\" class=\"so-panel widget widget_sow-slider panel-first-child panel-last-child\" data-index=\"0\" ><div style=\"text-align: left;\" data-title-color=\"#443f3f\" data-headings-color=\"#443f3f\" class=\"panel-widget-style panel-widget-style-for-578-0-0-0\" ><div\n\t\t\t\n\t\t\tclass=\"so-widget-sow-slider so-widget-sow-slider-default-6d39609536fd-578\"\n\t\t\t\n\t\t>\t\t\t\t<div class=\"sow-slider-base\" style=\"display: none\" tabindex=\"0\">\n\t\t\t\t\t<ul\n\t\t\t\t\tclass=\"sow-slider-images\"\n\t\t\t\t\tdata-settings=\"{&quot;pagination&quot;:true,&quot;speed&quot;:800,&quot;timeout&quot;:3000,&quot;paused&quot;:false,&quot;pause_on_hover&quot;:false,&quot;swipe&quot;:true,&quot;nav_always_show_desktop&quot;:&quot;&quot;,&quot;nav_always_show_mobile&quot;:&quot;&quot;,&quot;breakpoint&quot;:&quot;780px&quot;,&quot;unmute&quot;:false,&quot;anchor&quot;:null}\"\n\t\t\t\t\t\t\t\t\t\tdata-anchor-id=\"\"\n\t\t\t\t>\t\t<li class=\"sow-slider-image\" style=\"visibility: visible;\" >\n\t\t\t\t\t\t<div class=\"sow-slider-image-container\">\n\t\t\t\t<div class=\"sow-slider-image-wrapper\" style=\"max-width: 473px\">\n\t\t\t\t\t\t\t\t\t\t<div class=\"sow-slider-image-foreground-wrapper\">\n\t\t\t\t\t\t<img loading=\"lazy\" decoding=\"async\" width=\"473\" height=\"808\" src=\"http:\/\/www.ilike-it.de\/wp-content\/uploads\/2018\/03\/Toni_Start.png\" class=\"sow-slider-foreground-image\" alt=\"\" style=\"\" srcset=\"http:\/\/www.ilike-it.de\/wp-content\/uploads\/2018\/03\/Toni_Start.png 473w, http:\/\/www.ilike-it.de\/wp-content\/uploads\/2018\/03\/Toni_Start-176x300.png 176w, http:\/\/www.ilike-it.de\/wp-content\/uploads\/2018\/03\/Toni_Start-230x393.png 230w, http:\/\/www.ilike-it.de\/wp-content\/uploads\/2018\/03\/Toni_Start-350x598.png 350w\" sizes=\"auto, (max-width: 473px) 100vw, 473px\" \/>\t\t\t\t\t<\/div>\n\t\t\t\t\t\t\t\t\t<\/div>\n\t\t\t<\/div>\n\t\t\t\t\t<\/li>\n\t\t\t\t<li class=\"sow-slider-image\" style=\"visibility: hidden;\" >\n\t\t\t\t\t\t<div class=\"sow-slider-image-container\">\n\t\t\t\t<div class=\"sow-slider-image-wrapper\" style=\"max-width: 473px\">\n\t\t\t\t\t\t\t\t\t\t<div class=\"sow-slider-image-foreground-wrapper\">\n\t\t\t\t\t\t<img loading=\"lazy\" decoding=\"async\" width=\"473\" height=\"808\" src=\"http:\/\/www.ilike-it.de\/wp-content\/uploads\/2018\/03\/iOS_TopfSoft.png\" class=\"sow-slider-foreground-image\" alt=\"\" style=\"\" srcset=\"http:\/\/www.ilike-it.de\/wp-content\/uploads\/2018\/03\/iOS_TopfSoft.png 473w, http:\/\/www.ilike-it.de\/wp-content\/uploads\/2018\/03\/iOS_TopfSoft-176x300.png 176w, http:\/\/www.ilike-it.de\/wp-content\/uploads\/2018\/03\/iOS_TopfSoft-230x393.png 230w, http:\/\/www.ilike-it.de\/wp-content\/uploads\/2018\/03\/iOS_TopfSoft-350x598.png 350w\" sizes=\"auto, (max-width: 473px) 100vw, 473px\" \/>\t\t\t\t\t<\/div>\n\t\t\t\t\t\t\t\t\t<\/div>\n\t\t\t<\/div>\n\t\t\t\t\t<\/li>\n\t\t\t\t<li class=\"sow-slider-image\" style=\"visibility: hidden;\" >\n\t\t\t\t\t\t<div class=\"sow-slider-image-container\">\n\t\t\t\t<div class=\"sow-slider-image-wrapper\" style=\"max-width: 473px\">\n\t\t\t\t\t\t\t\t\t\t<div class=\"sow-slider-image-foreground-wrapper\">\n\t\t\t\t\t\t<img loading=\"lazy\" decoding=\"async\" width=\"473\" height=\"808\" src=\"http:\/\/www.ilike-it.de\/wp-content\/uploads\/2018\/03\/Toni_GameI.png\" class=\"sow-slider-foreground-image\" alt=\"\" style=\"\" srcset=\"http:\/\/www.ilike-it.de\/wp-content\/uploads\/2018\/03\/Toni_GameI.png 473w, http:\/\/www.ilike-it.de\/wp-content\/uploads\/2018\/03\/Toni_GameI-176x300.png 176w, http:\/\/www.ilike-it.de\/wp-content\/uploads\/2018\/03\/Toni_GameI-230x393.png 230w, http:\/\/www.ilike-it.de\/wp-content\/uploads\/2018\/03\/Toni_GameI-350x598.png 350w\" sizes=\"auto, (max-width: 473px) 100vw, 473px\" \/>\t\t\t\t\t<\/div>\n\t\t\t\t\t\t\t\t\t<\/div>\n\t\t\t<\/div>\n\t\t\t\t\t<\/li>\n\t\t\t\t<li class=\"sow-slider-image\" style=\"visibility: hidden;\" >\n\t\t\t\t\t\t<div class=\"sow-slider-image-container\">\n\t\t\t\t<div class=\"sow-slider-image-wrapper\" style=\"max-width: 473px\">\n\t\t\t\t\t\t\t\t\t\t<div class=\"sow-slider-image-foreground-wrapper\">\n\t\t\t\t\t\t<img loading=\"lazy\" decoding=\"async\" width=\"473\" height=\"808\" src=\"http:\/\/www.ilike-it.de\/wp-content\/uploads\/2018\/03\/Toni_Intro.png\" class=\"sow-slider-foreground-image\" alt=\"\" style=\"\" srcset=\"http:\/\/www.ilike-it.de\/wp-content\/uploads\/2018\/03\/Toni_Intro.png 473w, http:\/\/www.ilike-it.de\/wp-content\/uploads\/2018\/03\/Toni_Intro-176x300.png 176w, http:\/\/www.ilike-it.de\/wp-content\/uploads\/2018\/03\/Toni_Intro-230x393.png 230w, http:\/\/www.ilike-it.de\/wp-content\/uploads\/2018\/03\/Toni_Intro-350x598.png 350w\" sizes=\"auto, (max-width: 473px) 100vw, 473px\" \/>\t\t\t\t\t<\/div>\n\t\t\t\t\t\t\t\t\t<\/div>\n\t\t\t<\/div>\n\t\t\t\t\t<\/li>\n\t\t\t\t<li class=\"sow-slider-image\" style=\"visibility: hidden;\" >\n\t\t\t\t\t\t<div class=\"sow-slider-image-container\">\n\t\t\t\t<div class=\"sow-slider-image-wrapper\" style=\"max-width: 473px\">\n\t\t\t\t\t\t\t\t\t\t<div class=\"sow-slider-image-foreground-wrapper\">\n\t\t\t\t\t\t<img loading=\"lazy\" decoding=\"async\" width=\"473\" height=\"808\" src=\"http:\/\/www.ilike-it.de\/wp-content\/uploads\/2018\/03\/Toni_Furz.png\" class=\"sow-slider-foreground-image\" alt=\"\" style=\"\" srcset=\"http:\/\/www.ilike-it.de\/wp-content\/uploads\/2018\/03\/Toni_Furz.png 473w, http:\/\/www.ilike-it.de\/wp-content\/uploads\/2018\/03\/Toni_Furz-176x300.png 176w, http:\/\/www.ilike-it.de\/wp-content\/uploads\/2018\/03\/Toni_Furz-230x393.png 230w, http:\/\/www.ilike-it.de\/wp-content\/uploads\/2018\/03\/Toni_Furz-350x598.png 350w\" sizes=\"auto, (max-width: 473px) 100vw, 473px\" \/>\t\t\t\t\t<\/div>\n\t\t\t\t\t\t\t\t\t<\/div>\n\t\t\t<\/div>\n\t\t\t\t\t<\/li>\n\t\t<\/ul>\t\t\t\t<ol class=\"sow-slider-pagination\">\n\t\t\t\t\t\t\t\t\t\t\t<li><a href=\"#\" data-goto=\"0\" aria-label=\"Display slide 1\"><\/a><\/li>\n\t\t\t\t\t\t\t\t\t\t\t<li><a href=\"#\" data-goto=\"1\" aria-label=\"Display slide 2\"><\/a><\/li>\n\t\t\t\t\t\t\t\t\t\t\t<li><a href=\"#\" data-goto=\"2\" aria-label=\"Display slide 3\"><\/a><\/li>\n\t\t\t\t\t\t\t\t\t\t\t<li><a href=\"#\" data-goto=\"3\" aria-label=\"Display slide 4\"><\/a><\/li>\n\t\t\t\t\t\t\t\t\t\t\t<li><a href=\"#\" data-goto=\"4\" aria-label=\"Display slide 5\"><\/a><\/li>\n\t\t\t\t\t\t\t\t\t<\/ol>\n\n\t\t\t\t<div class=\"sow-slide-nav sow-slide-nav-next\">\n\t\t\t\t\t<a href=\"#\" data-goto=\"next\" aria-label=\"Next slide\" data-action=\"next\">\n\t\t\t\t\t\t<em class=\"sow-sld-icon-thin-right\"><\/em>\n\t\t\t\t\t<\/a>\n\t\t\t\t<\/div>\n\n\t\t\t\t<div class=\"sow-slide-nav sow-slide-nav-prev\">\n\t\t\t\t\t<a href=\"#\" data-goto=\"previous\" aria-label=\"Previous slide\" data-action=\"prev\">\n\t\t\t\t\t\t<em class=\"sow-sld-icon-thin-left\"><\/em>\n\t\t\t\t\t<\/a>\n\t\t\t\t<\/div>\n\t\t\t\t<\/div><\/div><\/div><\/div><\/div><div id=\"pgc-578-0-1\"  class=\"panel-grid-cell\" ><div id=\"panel-578-0-1-0\" class=\"so-panel widget widget_text panel-first-child panel-last-child\" data-index=\"1\" ><div style=\"text-align: left;\" data-title-color=\"#443f3f\" data-headings-color=\"#443f3f\" class=\"panel-widget-style panel-widget-style-for-578-0-1-0\" ><h3 class=\"widget-title\">CO2 Alarm<\/h3>\t\t\t<div class=\"textwidget\"><p>Unser Familienprojekt. Das Wetter spielt verr\u00fcckt &#8211; Katastrophen kommen n\u00e4her &#8211; Toni soll das verhindern.<\/p>\n<p>H\u00fcpfe per Touch und steuere Toni durch Kippen des Smartphones. Ziel ist es die F\u00fcrze der K\u00fche einzusammeln.<\/p>\n<p>&nbsp;<\/p>\n<p><strong>Toni Tomato<\/strong><\/p>\n<p>Einfaches Jump Action Spiel f\u00fcr iOS. Programmiert in Objective-C und \u00a0portiert auf Swift3 2017. \u00dcber den Apple AppStore weltweit zu laden.<\/p>\n<p>&nbsp;<\/p>\n<p><a href=\"https:\/\/itunes.apple.com\/de\/app\/toni-tomato\/id905394956?mt=8\">&#8211; Toni Tomato im AppStore &#8211;<\/a><\/p>\n<\/div>\n\t\t<\/div><\/div><\/div><\/div><\/div><div id=\"pg-578-1\"  class=\"panel-grid panel-has-style\" ><div class=\"siteorigin-panels-stretch panel-row-style panel-row-style-for-578-1\" style=\"color: #ffffff;padding: 100px 0; \" data-stretch-type=\"full-stretched\" data-hascolor=\"hascolor\" data-overlay=\"true\" data-overlay-color=\"#000000\" ><div id=\"pgc-578-1-0\"  class=\"panel-grid-cell\" ><div id=\"panel-578-1-0-0\" class=\"so-panel widget widget_sydney_facts sydney_facts_widget panel-first-child panel-last-child\" data-index=\"2\" ><div style=\"text-align: left;\" data-title-color=\"#ffffff\" data-headings-color=\"#443f3f\" class=\"panel-widget-style panel-widget-style-for-578-1-0-0\" >\r\n\t\t<h3 class=\"widget-title\">Toni Tomato in Zahlen<\/h3>\r\n\t\t\t\t<div class=\"col-md-3 col-sm-3\">\r\n\t\t\t<div class=\"roll-counter\">\r\n\t\t\t\t<i class=\"fa fa-user\"><\/i>\r\n\t\t\t\t<div class=\"name-count\">mein Highscore<\/div>\r\n\t\t\t\t<div class=\"numb-count\" data-from=\"0\" data-to=\"134\" data-speed=\"2000\" data-waypoint-active=\"yes\">134<\/div>\r\n\t\t\t<\/div>\r\n\t\t<\/div>\r\n\t\t\t\t\t\t<div class=\"col-md-3 col-sm-3\">\r\n\t\t\t<div class=\"roll-counter\">\r\n\t\t\t\t<i class=\"fa fa-signal\"><\/i>\r\n\t\t\t\t<div class=\"name-count\">Downloads<\/div>\r\n\t\t\t\t<div class=\"numb-count\" data-from=\"0\" data-to=\"2250\" data-speed=\"2000\" data-waypoint-active=\"yes\">2250<\/div>\r\n\t\t\t<\/div>\r\n\t\t<\/div>\r\n\t\t\t\t\t\t<div class=\"col-md-3 col-sm-3\">\r\n\t\t\t<div class=\"roll-counter\">\r\n\t\t\t\t<i class=\"fa fa-flag\"><\/i>\r\n\t\t\t\t<div class=\"name-count\">L\u00e4nder<\/div>\r\n\t\t\t\t<div class=\"numb-count\" data-from=\"0\" data-to=\"10\" data-speed=\"2000\" data-waypoint-active=\"yes\">10<\/div>\r\n\t\t\t<\/div>\r\n\t\t<\/div>\r\n\t\t\t\t\t\t<div class=\"col-md-3 col-sm-3\">\r\n\t\t\t<div class=\"roll-counter\">\r\n\t\t\t\t<i class=\"fa fa-history\"><\/i>\r\n\t\t\t\t<div class=\"name-count\">Versionen<\/div>\r\n\t\t\t\t<div class=\"numb-count\" data-from=\"0\" data-to=\"3\" data-speed=\"2000\" data-waypoint-active=\"yes\">3<\/div>\r\n\t\t\t<\/div>\r\n\t\t<\/div>\r\n\t\t\r\n\t<\/div><\/div><\/div><\/div><\/div><\/div>","protected":false},"excerpt":{"rendered":"<p>Unser Familienprojekt. Das Wetter spielt verr\u00fcckt &#8211; Katastrophen kommen n\u00e4her &#8211; Toni soll das verhindern. H\u00fcpfe per Touch und steuere Toni durch [&hellip;]<\/p>\n","protected":false},"author":1,"featured_media":0,"parent":519,"menu_order":0,"comment_status":"closed","ping_status":"closed","template":"page-templates\/page_fullwidth.php","meta":{"footnotes":""},"class_list":["post-578","page","type-page","status-publish","hentry"],"_links":{"self":[{"href":"http:\/\/www.ilike-it.de\/index.php?rest_route=\/wp\/v2\/pages\/578","targetHints":{"allow":["GET"]}}],"collection":[{"href":"http:\/\/www.ilike-it.de\/index.php?rest_route=\/wp\/v2\/pages"}],"about":[{"href":"http:\/\/www.ilike-it.de\/index.php?rest_route=\/wp\/v2\/types\/page"}],"author":[{"embeddable":true,"href":"http:\/\/www.ilike-it.de\/index.php?rest_route=\/wp\/v2\/users\/1"}],"replies":[{"embeddable":true,"href":"http:\/\/www.ilike-it.de\/index.php?rest_route=%2Fwp%2Fv2%2Fcomments&post=578"}],"version-history":[{"count":30,"href":"http:\/\/www.ilike-it.de\/index.php?rest_route=\/wp\/v2\/pages\/578\/revisions"}],"predecessor-version":[{"id":872,"href":"http:\/\/www.ilike-it.de\/index.php?rest_route=\/wp\/v2\/pages\/578\/revisions\/872"}],"up":[{"embeddable":true,"href":"http:\/\/www.ilike-it.de\/index.php?rest_route=\/wp\/v2\/pages\/519"}],"wp:attachment":[{"href":"http:\/\/www.ilike-it.de\/index.php?rest_route=%2Fwp%2Fv2%2Fmedia&parent=578"}],"curies":[{"name":"wp","href":"https:\/\/api.w.org\/{rel}","templated":true}]}}